{"id":45,"date":"2024-06-22T17:20:03","date_gmt":"2024-06-22T15:20:03","guid":{"rendered":"https:\/\/flotattooworkshop.com\/?page_id=45"},"modified":"2024-06-22T22:10:23","modified_gmt":"2024-06-22T20:10:23","slug":"contact","status":"publish","type":"page","link":"https:\/\/flotattooworkshop.com\/index.php\/contact\/","title":{"rendered":"Contact"},"content":{"rendered":"\n<p>Premi\u00e8re prise de contact par message ou mail <\/p>\n\n\n\n<p>Description globale du projet \/ Taille approx \/ Zone a tatouer  \u2026<\/p>\n\n\n\n<p>Si vous avez des mod\u00e8les qui vous plaisent sur lesquels nous pouvons nous inspirer , n\u2019h\u00e9sitez pas \u00e0 les joindre pour le montrer le style. <br><\/p>\n\n\n\n<p>Un devis sera effectu\u00e9. <br>S\u2019il est accept\u00e9 un acompte de 20% sera demand\u00e9 pour valider la collaboration , commencer le travail de dessin et bloquer un RDV. <br>Restant d\u00fb \u00e0 r\u00e9gler le jour du tatouage. <br>A noter qu\u2019en cas d\u2019annulation s\u00e8che du projet apr\u00e8s d\u00e9p\u00f4t d\u2019acompte, ce dernier ne sera pas restitu\u00e9 . <br><\/p>\n\n\n\n<p>Plusieurs modifications seront possibles pour votre projet, et  lorsqu\u2019il est parfaitement conforme \u00e0 vos souhaits, on le Tattoo !!!<\/p>\n\n\n\n<p>Allez hop ! A vos messages \ud83d\ude42 <br> <\/p>\n\n\n\n<p><\/p>\n\n\n\n<p><\/p>\n\n\n\n<p><\/p>\n\n\n\n<p><\/p>\n\n\n\n<p><\/p>\n\n\n\n<p><\/p>\n\n\n\n<p><\/p>\n\n\n\n<p><\/p>\n\n\n\n<p><\/p>\n","protected":false},"excerpt":{"rendered":"<p>Premi\u00e8re prise de contact par message ou mail Description globale du projet \/ Taille approx \/ Zone a tatouer \u2026 Si vous avez des mod\u00e8les qui vous plaisent sur lesquels nous pouvons nous inspirer , n\u2019h\u00e9sitez pas \u00e0 les joindre pour le montrer le style. Un devis sera effectu\u00e9. S\u2019il est accept\u00e9 un acompte de &hellip; <\/p>\n<p class=\"link-more\"><a href=\"https:\/\/flotattooworkshop.com\/index.php\/contact\/\" class=\"more-link\">Continue reading<span class=\"screen-reader-text\"> &#8220;Contact&#8221;<\/span><\/a><\/p>\n","protected":false},"author":1,"featured_media":0,"parent":0,"menu_order":0,"comment_status":"closed","ping_status":"closed","template":"","meta":{"footnotes":""},"class_list":["post-45","page","type-page","status-publish","hentry"],"_links":{"self":[{"href":"https:\/\/flotattooworkshop.com\/index.php\/wp-json\/wp\/v2\/pages\/45","targetHints":{"allow":["GET"]}}],"collection":[{"href":"https:\/\/flotattooworkshop.com\/index.php\/wp-json\/wp\/v2\/pages"}],"about":[{"href":"https:\/\/flotattooworkshop.com\/index.php\/wp-json\/wp\/v2\/types\/page"}],"author":[{"embeddable":true,"href":"https:\/\/flotattooworkshop.com\/index.php\/wp-json\/wp\/v2\/users\/1"}],"replies":[{"embeddable":true,"href":"https:\/\/flotattooworkshop.com\/index.php\/wp-json\/wp\/v2\/comments?post=45"}],"version-history":[{"count":2,"href":"https:\/\/flotattooworkshop.com\/index.php\/wp-json\/wp\/v2\/pages\/45\/revisions"}],"predecessor-version":[{"id":89,"href":"https:\/\/flotattooworkshop.com\/index.php\/wp-json\/wp\/v2\/pages\/45\/revisions\/89"}],"wp:attachment":[{"href":"https:\/\/flotattooworkshop.com\/index.php\/wp-json\/wp\/v2\/media?parent=45"}],"curies":[{"name":"wp","href":"https:\/\/api.w.org\/{rel}","templated":true}]}}